{"id":493,"date":"2022-05-29T15:37:48","date_gmt":"2022-05-29T13:37:48","guid":{"rendered":"https:\/\/www.brutalka.sk\/?page_id=493"},"modified":"2024-03-18T14:20:06","modified_gmt":"2024-03-18T13:20:06","slug":"boulder-bomba","status":"publish","type":"page","link":"https:\/\/www.brutalka.sk\/?page_id=493","title":{"rendered":"BRUTAL CUP 2024"},"content":{"rendered":"\n<p><strong>Poz\u00fdvame \u0165a na Brutal CUP 2024!<\/strong><\/p>\n\n\n\n<div class=\"wp-block-columns is-layout-flex wp-container-core-columns-is-layout-1 wp-block-columns-is-layout-flex\">\n<div class=\"wp-block-column is-layout-flow wp-block-column-is-layout-flow\">\n<p>Pridte osl\u00e1vi\u0165 druh\u00e9 narodenin\u00fd Brutalky a pritom si riadne zaliez\u0165 a zapreteka\u0165. <\/p>\n\n\n\n<p>V\u0161etk\u00fdch tu  \u010dak\u00e1 brut\u00e1lny boj za\u010dinajuci Slovensk\u00fdm poh\u00e1rom o 9:00. <\/p>\n\n\n\n<p>Hobby pretek za\u010dne o 13tej hodine kde po dobu 3 hodin budete bojova\u0165 o prvenstvo vo v\u00fdkonnoch na 20 bouldroch dnu a aj na novej vonkaj\u0161ej bouldrovke.<\/p>\n\n\n\n<p>Po v\u0161etk\u00fdch vykonnoch a u\u017e tradi\u010dnom <strong>ob\u010derstven\u00ed<\/strong> ktor\u00e9 v\u00e1m priprav\u00edme tak ako ste zv\u00fdknut\u00fd v\u00e1s bude \u010daka\u0165 fin\u00e1le t\u00fdch najlep\u0161i od 17:30. Sprev\u00e1dza\u0165 n\u00e1s bude op\u00e4\u0165 <strong>DJ Lindix<\/strong> a po finale pride vystupenie kapely <strong>BUCHAJTRAMKA<\/strong>! <\/p>\n\n\n\n<p><br>Vystupenie kapely bude o cca 20:00.  <br><\/p>\n\n\n\n<p><strong>Upozornenie:<\/strong> Na preteky je nutn\u00e9 sa <strong>ZAREGISTROVA\u0164<\/strong>! Preteky SPDaM maju nekompromisne povinnu registraciu!<\/p>\n\n\n\n<p><strong>Upozornenie#2:<\/strong> Maxim\u00e1lna kapacita pretekov je <strong>100<\/strong> pretek\u00e1rov na hobby a <strong>50<\/strong> pretek\u00e1ro na skupinu pre SPDaM<\/p>\n\n\n\n<p><strong><span class=\"has-inline-color has-vivid-red-color\">Upozornenie k registracii:<\/span><\/strong> <br>Registracia na na\u0161ej stranke je len pre BRUTAL CUP HOBBY,<br>Registracia na SPDaM je cez Registraciu <a href=\"https:\/\/shsjames.org\/brutalcup-zvolen-slovensky-pohar-dospelych-a-mladeze-v-boulderingu\/\">JAMES TU<\/a>. <br><br>Obmedzenie pre registraciu na BRUTAL CUP HOBBY: <br>Nesuta\u017eiaci v Slovenskom poh\u00e1ri. Neumiestnen\u00fd na Slovenskom poh\u00e1ry do 20 miesta za posledn\u00e9 3 roky. Nevyliezol obtia\u017enos\u0165 bouldra 7c (vratane). Tieto pravidl\u00e1 neplatia pre \u00fa\u010dastn\u00edkov veku 50+.&nbsp;<\/p>\n\n\n\n<p><a href=\"https:\/\/www.brutalka.sk\/wp-content\/uploads\/2023\/03\/Propozicie-Zvolen-boulder-2023-navrh.pdf\"><strong>Propo<\/strong><\/a><strong><a href=\"https:\/\/shsjames.org\/brutalcup-zvolen-slovensky-pohar-dospelych-a-mladeze-v-boulderingu\/\">zicie pretekov tu<\/a><\/strong><\/p>\n\n\n\n<p class=\"has-text-align-center\">Kto by chcel osta\u0165 po akcii prespa\u0165 na Brutalke pros\u00edm nahl\u00e1ste sa na info@brutalka.sk<\/p>\n<\/div>\n\n\n\n<div class=\"wp-block-column is-layout-flow wp-block-column-is-layout-flow\">\n<figure class=\"wp-block-image size-large\"><img loading=\"lazy\" decoding=\"async\" width=\"724\" height=\"1024\" src=\"https:\/\/www.brutalka.sk\/wp-content\/uploads\/2024\/03\/BrutalCup_FINAL_page-0001-724x1024.jpg\" alt=\"\" class=\"wp-image-1057\" srcset=\"https:\/\/www.brutalka.sk\/wp-content\/uploads\/2024\/03\/BrutalCup_FINAL_page-0001-724x1024.jpg 724w, https:\/\/www.brutalka.sk\/wp-content\/uploads\/2024\/03\/BrutalCup_FINAL_page-0001-212x300.jpg 212w, https:\/\/www.brutalka.sk\/wp-content\/uploads\/2024\/03\/BrutalCup_FINAL_page-0001-768x1087.jpg 768w, https:\/\/www.brutalka.sk\/wp-content\/uploads\/2024\/03\/BrutalCup_FINAL_page-0001-1085x1536.jpg 1085w, https:\/\/www.brutalka.sk\/wp-content\/uploads\/2024\/03\/BrutalCup_FINAL_page-0001.jpg 1240w\" sizes=\"auto, (max-width: 724px) 100vw, 724px\" \/><\/figure>\n<\/div>\n<\/div>\n\n\n\n<div class=\"wp-block-columns is-layout-flex wp-container-core-columns-is-layout-3 wp-block-columns-is-layout-flex\">\n<div class=\"wp-block-column is-layout-flow wp-block-column-is-layout-flow\">\n<p class=\"has-text-align-center has-large-font-size\"><\/p>\n\n\n\n<div class=\"wp-block-columns is-layout-flex wp-container-core-columns-is-layout-2 wp-block-columns-is-layout-flex\">\n<div class=\"wp-block-column is-layout-flow wp-block-column-is-layout-flow\">\n<p class=\"has-text-align-center has-large-font-size\"><strong>REGISTRACIA<\/strong><\/p>\n\n\n\n<iframe loading=\"lazy\" src=\"https:\/\/docs.google.com\/forms\/d\/e\/1FAIpQLSfvOy4saOQyxWquZI-5f06xsHUqMqJNZQgAXC2Tag7rjWDgww\/viewform?embedded=true\" width=\"1640\" height=\"850\" frameborder=\"0\" marginheight=\"0\" marginwidth=\"0\">Na\u010d\u00edtava sa\u2026<\/iframe>\n\n\n\n<p><\/p>\n<\/div>\n\n\n\n<div class=\"wp-block-column is-layout-flow wp-block-column-is-layout-flow\">\n<p class=\"has-text-align-center has-large-font-size\"><strong>HOBBY PRETEKY<\/strong> <strong>\u0160TARTOVKA<\/strong><\/p>\n\n\n\n<iframe loading=\"lazy\" src=\"https:\/\/docs.google.com\/spreadsheets\/d\/17DIPeL6kpwdR58iCJmSB67wA60wci91uPBJLWliYm2w\/edit?resourcekey#gid=272139974\" height=\"850\" width=\"1640\" frameborder=\"0\" marginheight=\"0\" marginwidth=\"0\"><\/iframe>\n<\/div>\n<\/div>\n\n\n\n<div class=\"wp-block-buttons is-content-justification-center is-layout-flex wp-block-buttons-is-layout-flex\"><\/div>\n\n\n\n\n\n<p><\/p>\n<\/div>\n<\/div>\n\n\n\n<div class=\"wp-block-columns is-layout-flex wp-container-core-columns-is-layout-4 wp-block-columns-is-layout-flex\">\n<div class=\"wp-block-column is-layout-flow wp-block-column-is-layout-flow\"><\/div>\n<\/div>\n","protected":false},"excerpt":{"rendered":"<p>Poz\u00fdvame \u0165a na Brutal CUP 2024! Pridte osl\u00e1vi\u0165 druh\u00e9 narodenin\u00fd Brutalky a pritom si riadne zaliez\u0165 a zapreteka\u0165. V\u0161etk\u00fdch tu \u010dak\u00e1 brut\u00e1lny boj za\u010dinajuci Slovensk\u00fdm poh\u00e1rom o 9:00. Hobby pretek za\u010dne o 13tej hodine kde po dobu 3 hodin budete bojova\u0165 o prvenstvo vo v\u00fdkonnoch na 20 bouldroch dnu a aj na novej vonkaj\u0161ej bouldrovke. [&hellip;]<\/p>\n","protected":false},"author":1,"featured_media":0,"parent":0,"menu_order":0,"comment_status":"closed","ping_status":"closed","template":"","meta":{"_monsterinsights_skip_tracking":false,"_monsterinsights_sitenote_active":false,"_monsterinsights_sitenote_note":"","_monsterinsights_sitenote_category":0,"footnotes":""},"class_list":["post-493","page","type-page","status-publish","hentry"],"yoast_head":"<!-- This site is optimized with the Yoast SEO plugin v17.7.1 - https:\/\/yoast.com\/wordpress\/plugins\/seo\/ -->\n<title>BRUTAL CUP 2024 - Brutalka<\/title>\n<meta name=\"robots\" content=\"index, follow, max-snippet:-1, max-image-preview:large, max-video-preview:-1\" \/>\n<link rel=\"canonical\" href=\"https:\/\/www.brutalka.sk\/?page_id=493\" \/>\n<meta property=\"og:locale\" content=\"sk_SK\" \/>\n<meta property=\"og:type\" content=\"article\" \/>\n<meta property=\"og:title\" content=\"BRUTAL CUP 2024 - Brutalka\" \/>\n<meta property=\"og:description\" content=\"Poz\u00fdvame \u0165a na Brutal CUP 2024! Pridte osl\u00e1vi\u0165 druh\u00e9 narodenin\u00fd Brutalky a pritom si riadne zaliez\u0165 a zapreteka\u0165. V\u0161etk\u00fdch tu \u010dak\u00e1 brut\u00e1lny boj za\u010dinajuci Slovensk\u00fdm poh\u00e1rom o 9:00. Hobby pretek za\u010dne o 13tej hodine kde po dobu 3 hodin budete bojova\u0165 o prvenstvo vo v\u00fdkonnoch na 20 bouldroch dnu a aj na novej vonkaj\u0161ej bouldrovke. [&hellip;]\" \/>\n<meta property=\"og:url\" content=\"https:\/\/www.brutalka.sk\/?page_id=493\" \/>\n<meta property=\"og:site_name\" content=\"Brutalka\" \/>\n<meta property=\"article:modified_time\" content=\"2024-03-18T13:20:06+00:00\" \/>\n<meta property=\"og:image\" content=\"https:\/\/www.brutalka.sk\/wp-content\/uploads\/2024\/03\/BrutalCup_FINAL_page-0001-724x1024.jpg\" \/>\n<meta name=\"twitter:card\" content=\"summary_large_image\" \/>\n<meta name=\"twitter:label1\" content=\"Predpokladan\u00fd \u010das \u010d\u00edtania\" \/>\n\t<meta name=\"twitter:data1\" content=\"2 min\u00faty\" \/>\n<script type=\"application\/ld+json\" class=\"yoast-schema-graph\">{\"@context\":\"https:\/\/schema.org\",\"@graph\":[{\"@type\":\"WebSite\",\"@id\":\"https:\/\/www.brutalka.sk\/#website\",\"url\":\"https:\/\/www.brutalka.sk\/\",\"name\":\"Brutalka\",\"description\":\"\",\"potentialAction\":[{\"@type\":\"SearchAction\",\"target\":{\"@type\":\"EntryPoint\",\"urlTemplate\":\"https:\/\/www.brutalka.sk\/?s={search_term_string}\"},\"query-input\":\"required name=search_term_string\"}],\"inLanguage\":\"sk-SK\"},{\"@type\":\"ImageObject\",\"@id\":\"https:\/\/www.brutalka.sk\/?page_id=493#primaryimage\",\"inLanguage\":\"sk-SK\",\"url\":\"https:\/\/www.brutalka.sk\/wp-content\/uploads\/2024\/03\/BrutalCup_FINAL_page-0001.jpg\",\"contentUrl\":\"https:\/\/www.brutalka.sk\/wp-content\/uploads\/2024\/03\/BrutalCup_FINAL_page-0001.jpg\",\"width\":1240,\"height\":1755},{\"@type\":\"WebPage\",\"@id\":\"https:\/\/www.brutalka.sk\/?page_id=493#webpage\",\"url\":\"https:\/\/www.brutalka.sk\/?page_id=493\",\"name\":\"BRUTAL CUP 2024 - Brutalka\",\"isPartOf\":{\"@id\":\"https:\/\/www.brutalka.sk\/#website\"},\"primaryImageOfPage\":{\"@id\":\"https:\/\/www.brutalka.sk\/?page_id=493#primaryimage\"},\"datePublished\":\"2022-05-29T13:37:48+00:00\",\"dateModified\":\"2024-03-18T13:20:06+00:00\",\"breadcrumb\":{\"@id\":\"https:\/\/www.brutalka.sk\/?page_id=493#breadcrumb\"},\"inLanguage\":\"sk-SK\",\"potentialAction\":[{\"@type\":\"ReadAction\",\"target\":[\"https:\/\/www.brutalka.sk\/?page_id=493\"]}]},{\"@type\":\"BreadcrumbList\",\"@id\":\"https:\/\/www.brutalka.sk\/?page_id=493#breadcrumb\",\"itemListElement\":[{\"@type\":\"ListItem\",\"position\":1,\"name\":\"Home\",\"item\":\"https:\/\/www.brutalka.sk\/\"},{\"@type\":\"ListItem\",\"position\":2,\"name\":\"BRUTAL CUP 2024\"}]}]}<\/script>\n<!-- \/ Yoast SEO plugin. -->","yoast_head_json":{"title":"BRUTAL CUP 2024 - Brutalka","robots":{"index":"index","follow":"follow","max-snippet":"max-snippet:-1","max-image-preview":"max-image-preview:large","max-video-preview":"max-video-preview:-1"},"canonical":"https:\/\/www.brutalka.sk\/?page_id=493","og_locale":"sk_SK","og_type":"article","og_title":"BRUTAL CUP 2024 - Brutalka","og_description":"Poz\u00fdvame \u0165a na Brutal CUP 2024! Pridte osl\u00e1vi\u0165 druh\u00e9 narodenin\u00fd Brutalky a pritom si riadne zaliez\u0165 a zapreteka\u0165. V\u0161etk\u00fdch tu \u010dak\u00e1 brut\u00e1lny boj za\u010dinajuci Slovensk\u00fdm poh\u00e1rom o 9:00. Hobby pretek za\u010dne o 13tej hodine kde po dobu 3 hodin budete bojova\u0165 o prvenstvo vo v\u00fdkonnoch na 20 bouldroch dnu a aj na novej vonkaj\u0161ej bouldrovke. [&hellip;]","og_url":"https:\/\/www.brutalka.sk\/?page_id=493","og_site_name":"Brutalka","article_modified_time":"2024-03-18T13:20:06+00:00","og_image":[{"url":"https:\/\/www.brutalka.sk\/wp-content\/uploads\/2024\/03\/BrutalCup_FINAL_page-0001-724x1024.jpg"}],"twitter_card":"summary_large_image","twitter_misc":{"Predpokladan\u00fd \u010das \u010d\u00edtania":"2 min\u00faty"},"schema":{"@context":"https:\/\/schema.org","@graph":[{"@type":"WebSite","@id":"https:\/\/www.brutalka.sk\/#website","url":"https:\/\/www.brutalka.sk\/","name":"Brutalka","description":"","potentialAction":[{"@type":"SearchAction","target":{"@type":"EntryPoint","urlTemplate":"https:\/\/www.brutalka.sk\/?s={search_term_string}"},"query-input":"required name=search_term_string"}],"inLanguage":"sk-SK"},{"@type":"ImageObject","@id":"https:\/\/www.brutalka.sk\/?page_id=493#primaryimage","inLanguage":"sk-SK","url":"https:\/\/www.brutalka.sk\/wp-content\/uploads\/2024\/03\/BrutalCup_FINAL_page-0001.jpg","contentUrl":"https:\/\/www.brutalka.sk\/wp-content\/uploads\/2024\/03\/BrutalCup_FINAL_page-0001.jpg","width":1240,"height":1755},{"@type":"WebPage","@id":"https:\/\/www.brutalka.sk\/?page_id=493#webpage","url":"https:\/\/www.brutalka.sk\/?page_id=493","name":"BRUTAL CUP 2024 - Brutalka","isPartOf":{"@id":"https:\/\/www.brutalka.sk\/#website"},"primaryImageOfPage":{"@id":"https:\/\/www.brutalka.sk\/?page_id=493#primaryimage"},"datePublished":"2022-05-29T13:37:48+00:00","dateModified":"2024-03-18T13:20:06+00:00","breadcrumb":{"@id":"https:\/\/www.brutalka.sk\/?page_id=493#breadcrumb"},"inLanguage":"sk-SK","potentialAction":[{"@type":"ReadAction","target":["https:\/\/www.brutalka.sk\/?page_id=493"]}]},{"@type":"BreadcrumbList","@id":"https:\/\/www.brutalka.sk\/?page_id=493#breadcrumb","itemListElement":[{"@type":"ListItem","position":1,"name":"Home","item":"https:\/\/www.brutalka.sk\/"},{"@type":"ListItem","position":2,"name":"BRUTAL CUP 2024"}]}]}},"_links":{"self":[{"href":"https:\/\/www.brutalka.sk\/index.php?rest_route=\/wp\/v2\/pages\/493","targetHints":{"allow":["GET"]}}],"collection":[{"href":"https:\/\/www.brutalka.sk\/index.php?rest_route=\/wp\/v2\/pages"}],"about":[{"href":"https:\/\/www.brutalka.sk\/index.php?rest_route=\/wp\/v2\/types\/page"}],"author":[{"embeddable":true,"href":"https:\/\/www.brutalka.sk\/index.php?rest_route=\/wp\/v2\/users\/1"}],"replies":[{"embeddable":true,"href":"https:\/\/www.brutalka.sk\/index.php?rest_route=%2Fwp%2Fv2%2Fcomments&post=493"}],"version-history":[{"count":6,"href":"https:\/\/www.brutalka.sk\/index.php?rest_route=\/wp\/v2\/pages\/493\/revisions"}],"predecessor-version":[{"id":1077,"href":"https:\/\/www.brutalka.sk\/index.php?rest_route=\/wp\/v2\/pages\/493\/revisions\/1077"}],"wp:attachment":[{"href":"https:\/\/www.brutalka.sk\/index.php?rest_route=%2Fwp%2Fv2%2Fmedia&parent=493"}],"curies":[{"name":"wp","href":"https:\/\/api.w.org\/{rel}","templated":true}]}}